1224
Calculate the greatest common divisor of 2630838 and 63.
21
What is the greatest common divisor of 1941200 and 4232?
184
Calculate the greatest common divisor of 258071 and 107561.
29
Calculate the greatest common divisor of 804375 and 3577860.
6435
Calculate the greatest common divisor of 3094126 and 580.
58
What is the greatest common divisor of 1448 and 8895064?
1448
Calculate the greatest common factor of 89267904 and 5632.
704
Calculate the highest common factor of 1050158030 and 10.
10
What is the highest common factor of 2262578 and 39392?
2462
Calculate the greatest common factor of 1650561 and 9075.
363
What is the highest common factor of 250341 and 94913?
637
Calculate the highest common divisor of 552000 and 4612650.
3450
What is the highest common factor of 292636 and 136484?
596
What is the greatest common divisor of 1995 and 35299435?
95
What is the highest common factor of 40572 and 128961?
1449
What is the greatest common divisor of 6047244 and 38?
38
Calculate the highest common divisor of 219936 and 5448288.
2784
What is the highest common divisor of 852938156 and 28?
28
What is the greatest common divisor of 106450 and 32450?
50
What is the highest common factor of 395002 and 155434?
1426
What is the highest common factor of 9698 and 181278?
746
What is the highest common factor of 65331 and 5379633?
1071
What is the greatest common divisor of 431776 and 549152?
4192
What is the highest common factor of 272640 and 2290560?
1920
What is the greatest common factor of 84125 and 2572825?
25
What is the greatest common factor of 1170 and 182430?
90
Calculate the highest common divisor of 1969416 and 384.
24
What is the greatest common factor of 14 and 40700520?
14
What is the highest common factor of 793936431 and 1836?
459
Calculate the greatest common divisor of 1028 and 759390796.
1028
What is the highest common factor of 17134 and 368680?
26
Calculate the highest common factor of 16993467 and 9.
9
What is the highest common factor of 331103429 and 829?
829
Calculate the greatest common factor of 811 and 142937128.
811
Calculate the highest common factor of 10397595 and 7171.
71
What is the highest common factor of 5776420 and 336310?
1690
Calculate the highest common divisor of 286568580 and 108.
12
What is the greatest common divisor of 1165 and 3846597?
233
Calculate the highest common factor of 230 and 9217595.
115
What is the highest common factor of 44660 and 230405?
1015
What is the greatest common factor of 19323 and 34783547?
2147
What is the highest common divisor of 47318040 and 336?
168
What is the greatest common factor of 652250 and 65?
5
Calculate the greatest common divisor of 102 and 299838537.
51
Calculate the greatest common factor of 6141911 and 1010.
101
What is the highest common divisor of 453 and 636578703?
453
Calculate the highest common factor of 1543093 and 216361.
529
Calculate the highest common divisor of 423 and 2751333.
141
Calculate the highest common factor of 75048540 and 460.
460
Calculate the highest common factor of 24 and 19439100.
12
What is the highest common factor of 16 and 320511320?
8
What is the highest common divisor of 14112296 and 3476?
44
What is the greatest common divisor of 24837340 and 1160?
580
What is the highest common factor of 175131990 and 2970?
2970
What is the highest common divisor of 472 and 15066535?
59
What is the greatest common divisor of 15112209 and 168?
21
Calculate the greatest common divisor of 30080 and 75421840.
3760
Calculate the greatest common divisor of 7303660 and 17290.
910
What is the greatest common divisor of 41 and 18505?
1
What is the highest common factor of 3494842 and 286?
26
Calculate the highest common divisor of 585968 and 40598.
106
What is the highest common divisor of 408 and 8609208?
408
What is the highest common factor of 2434 and 45654538?
2434
What is the greatest common divisor of 42 and 22452976?
14
Calculate the highest common factor of 1132362 and 88.
22
What is the greatest common factor of 345338 and 1439186?
238
What is the greatest common divisor of 2121638 and 746002?
2078
Calculate the highest common divisor of 2499854 and 168.
14
Calculate the highest common divisor of 192 and 4601712.
48
Calculate the greatest common divisor of 209644 and 11764.
68
Calculate the greatest common divisor of 12633686 and 2496.
26
What is the greatest common divisor of 505350 and 28350?
450
Calculate the greatest common divisor of 16092 and 1138658.
298
Calculate the highest common factor of 513550 and 150.
50
Calculate the highest common divisor of 134193668 and 620.
124
Calculate the highest common factor of 15961331 and 1348.
337
Calculate the highest common factor of 123491 and 135.
1
What is the greatest common divisor of 214006680 and 48?
24
Calculate the highest common factor of 14 and 10672466.
14
What is the highest common factor of 1532562957 and 1161?
1161
Calculate the highest common factor of 43221598 and 89642.
4718
What is the greatest common factor of 26 and 67295358?
26
What is the highest common divisor of 1484556 and 62532?
2316
Calculate the highest common factor of 191428565 and 145.
145
Calculate the greatest common divisor of 10 and 4416450.
10
What is the greatest common divisor of 52468 and 8944?
52
What is the highest common divisor of 2346201 and 143?
143
What is the greatest common divisor of 7715310 and 30?
30
What is the greatest common divisor of 2148 and 65659348?
716
What is the greatest common divisor of 4245 and 32880?
15
Calculate the highest common divisor of 66096 and 2655504.
3888
Calculate the greatest common divisor of 1752 and 591374168.
584
What is the greatest common divisor of 666 and 21428217?
333
What is the highest common divisor of 695179732 and 4?
4
What is the greatest common divisor of 7126704 and 40176?
1296
What is the greatest common factor of 920 and 86795560?
920
Calculate the highest common divisor of 15 and 844396755.
15
Calculate the highest common divisor of 16618 and 1042186.
2374
Calculate the greatest common factor of 952292 and 7337.
253
Calculate the greatest common factor of 1 and 201861.
1
What is the greatest common divisor of 65291928 and 1352?
104
Calculate the greatest common factor of 246888 and 40986.
162
What is the highest common factor of 251856 and 1304?
8
What is the highest common divisor of 12797 and 17040043?
67
What is the greatest common divisor of 2459022 and 14398?
46
What is the greatest common divisor of 1840915 and 402009?
1301
Calculate the greatest common factor of 159160918 and 1372.
686
What is the highest common divisor of 507535883 and 2389?
2389
What is the greatest common divisor of 3605 and 5799003?
721
What is the highest common factor of 140434592 and 8?
8
What is the greatest common divisor of 50400 and 127552?
32
Calculate the highest common divisor of 1773839 and 582.
97
Calculate the highest common divisor of 184 and 2741439.
23
Calculate the highest common divisor of 26492696 and 408.
8
What is the highest common divisor of 232284 and 526?
2
What is the highest common divisor of 121237527 and 321?
321
What is the highest common divisor of 16718382 and 198?
18
Calculate the greatest common factor of 2224 and 42339261.
139
Calculate the greatest common divisor of 116783 and 4031.
29
Calculate the highest common factor of 27851040 and 4760.
280
What is the highest common divisor of 1351688 and 88888?
328
What is the greatest common divisor of 184287 and 1296544?
1307
What is the greatest common factor of 5371536 and 240828?
564
What is the greatest common divisor of 851962489 and 38?
19
Calculate the greatest common divisor of 429 and 687336793.
143
Calculate the highest common factor of 1451635 and 265.
5
What is the highest common divisor of 509052 and 1332?
12
Calculate the highest common factor of 196840693 and 2254.
1127
Calculate the highest common divisor of 4500 and 4466875.
125
What is the highest common divisor of 57696 and 31590363?
1803
Calculate the greatest common factor of 17430 and 169680.
210
What is the highest common divisor of 175179630 and 60?
30
What is the greatest common factor of 40658265 and 105?
15
Calculate the greatest common factor of 21089853 and 1109.
1109
What is the greatest common factor of 